ive d(b).
-13
Let v(d) be the second derivative of -d**4 + d**3/3 - 3*d**2/2 + 29*d + 3. What is v(2)?
-47
Let f(a) be the third derivative of a**4/4 + 2*a**3/3 + 19*a**2 + 5. Determine f(2).
16
Suppose 0 = -4*z + 4*k, 4*k - 40 = -0*z - 4*z. Suppose 6 = z*n - 4. Let y(p) = -7 - p**n - 4*p**2 - 3*p**3 + 4*p**3 + 4*p**2. Give y(0).
-7
Let h(p) be the first derivative of -3*p**2 + 6*p - 271. Give h(3).
-12
Let b(r) be the first derivative of 3*r**2/2 + 2*r + 1. Let s = 8 + -77. Let h = 67 + s. Give b(h).
-4
Suppose 5*t - 5 = 0, 3*r = -4*t + 19 + 6. Let c(g) = g**3 + 18*g**2 + 3 - 4 - 19*g**2 + r*g**2. Determine c(-6).
-1
Let i(q) = -q**2 + 7*q - 2. Let x be (2/(-4))/((-8)/16). Let g be 0 + 0/(4 + x). Suppose g*o - 18 = -3*o. Calculate i(o).
4
Let h(v) = -2*v - 21 - 24 + 24. Let d be h(-12). Let f(r) = -4*r**2 + 3*r + 4. Let t(x) = 5*x**2 - 3*x - 4. Let p(k) = 3*f(k) + 2*t(k). Give p(d).
-5
Let d(a) = 0*a**2 + 0*a - 4*a**2 + 4*a + 7 + 3*a**2. Suppose j - 5*j = -24. Suppose -j = 3*t - 4*t. Give d(t).
-5
Suppose r + 12 + 17 = -5*j, 0 = j + 4. Let w(z) = -z**2 - 6*z + 10. What is w(r)?
-17
Let c(u) be the first derivative of u**3/2 - 5*u**2/2 - 47*u - 9. Let r(b) be the first derivative of c(b). Determine r(-5).
-20
Let u(p) = -p**3 - 29*p**2 - 54*p - 2. Let a be u(-27). Let k(n) = -1 + 7*n - n - 4*n + 3*n**2. Determine k(a).
7
Suppose -19 = -3*d + 5*i, 6*d - 23*i = -26*i + 12. Let w(h) be the third derivative of -1/24*h**4 - 1/6*h**d + 0 + 11*h**2 + 0*h. Calculate w(-4).
3
Let p = 2 + 1. Let r(d) = 5*d**2 - 13*d + 2. Let b(m) = 16*m**2 - 42*m + 6. Let w(y) = 3*b(y) - 10*r(y). Calculate w(p).
-8
Let b(d) = d**2 + 15*d + 15. Let f be b(-14). Suppose 4*y + 2*s + f = -s, 2*s + 6 = 0. Let p(z) = -2*z**y - 3*z**2 + z**3 + 3*z**2 + 2*z + z. Determine p(2).
6
Let y(h) = -22*h**2 + 4*h - 1. Let b(z) = 45*z**2 - 9*z + 2. Let o(u) = -4*b(u) - 9*y(u). Suppose -k - 3*g + 14 = -8*g, 4*k + 2*g + 10 = 0. What is o(k)?
19
Let p(d) be the second derivative of d**4/12 + d**2/2 + 2*d - 11. Let a(h) = h**3 - 3*h**2 - 5*h - 8. Let v(b) = -a(b) - 6*p(b). Give v(-3).
-13
Let x be (5 - 0)*12/20. Suppose -4 = -2*z - 2*n, 2*z - x*n = 3*z + 4. Suppose 1 = -z*s + 26. Let d(k) = -k**3 + 4*k**2 + 2*k + 7. Calculate d(s).
-8
Let h = -50 + 83. Let l = h - 22. Let f(v) = -l - 2*v + 11. Calculate f(3).
-6
Let j be 2/(-9) + ((-2244)/108 - -16). Let h(y) = -y**3 - 4*y**2 - 2*y - 3. What is h(j)?
32
Let q(x) be the second derivative of -1/8*x**4 + 3*x + 0 - 5/6*x**3 - 5/2*x**2. Let r(t) be the first derivative of q(t). Calculate r(-4).
7
Let b(f) = -f**2 - 1. Let d = -2 + 3. Let l(g) = g**3 + g**2 + 8. Let x(t) = d*l(t) + 6*b(t). Suppose -2*h + 6 = 4*w - 16, 3*w + 5*h - 20 = 0. What is x(w)?
2
Let f(u) = -u**3 - u**2 + u - 7. Let s(k) = 3*k - 2*k + 6 - 3*k. Let n = 14 - 11. Let o be s(n). What is f(o)?
-7
Let x be -12*40/84 + 2/(-7). Let d be 15/x*(-12)/(-5). Let k(w) = -w**3 - 7*w**2 - 6*w - 4. Give k(d).
-4
Let d be 1*3*(13 + -11). Suppose -9*y + 48 = -d*y. Suppose 4*o - y + 0 = 0. Let m(r) = r**3 - 4*r**2 - r + 2. Calculate m(o).
-2
Let f(o) be the third derivative of -o**6/120 - 2*o**5/15 + o**4/3 - 5*o**3/6 + 220*o**2. Calculate f(-9).
4
Let n(r) = r**2 - 7*r - 2. Let j(m) = m**2 + 6*m - 1. Let b be j(-6). Let h = 22 + b. Suppose -3*z - z = -3*q - h, -z + 2 = -4*q. Calculate n(z).
-8
Suppose -5*s + 2*d + 31 = -d, 5*d + 9 = 3*s. Let i(n) = -n**3 + 9*n**2 - 4*n - 10. Let u be i(s). Let l(m) = 8*m**2 + 15*m**2 - 2 - u*m**2. What is l(3)?
7
Let d be (-6)/(-4)*-6 - -2. Let o(q) = -18110*q + 3*q**2 + 18119*q + 0*q**2 + 9 - 2*q**2. What is o(d)?
-5
Let b(o) = -o**2. Suppose -4*m - 5*n - 11 = 0, -3*n = -0*m - 3*m + 12. Let q be (-9 - -7) + (4 - m). Calculate b(q).
-1
Let i(q) = -631*q - 4 - 624*q + 1254*q. Calculate i(-7).
3
Let i(k) be the third derivative of k**5/60 - k**4/12 - 2*k**3/3 + k**2. Let z = -4 - -8. What is i(z)?
4
Let i(n) = -2*n + 9 + 3 + 0. Let h be (-102)/(-9) - (-5)/(-15). What is i(h)?
-10
Let j(l) be the third derivative of l**5/120 - 13*l**3/6 + 34*l**2. Let y(d) be the first derivative of j(d). Calculate y(-3).
-3
Suppose 2 + 10 = 6*o. Let i(l) = o + 5 - 2*l - 8 + l**2 - l**3 + 4. Calculate i(2).
-5
Let h(m) = 2 - 2*m**2 + 8*m + 2 - 2*m**2 + 5*m**2. Let n(j) = -4*j - 35. Let q be n(-7). Calculate h(q).
-3
Let a(x) be the second derivative of 0*x**2 - 1/6*x**3 - x + 0 + 7/20*x**5 + 1/6*x**4. Let h(y) = -y**2 + 19*y + 1317. Let w be h(47). What is a(w)?
8
Let l = 24 + -56. Let u be (l/40)/(1 + (-14)/10). Let n(m) = -4*m. What is n(u)?
-8
Let g(b) be the third derivative of -b**6/120 + b**5/60 + 19*b**3/6 - b**2. Let f(r) = -r**3 - 92*r**2 - 594*r + 85. Let w be f(-85). Give g(w).
19
Let i be (-250)/(-8) + 7/(-28). Suppose 17 + i = 8*t. Let z(a) = -4*a**2 - 4*a**2 - 6*a + a**3 + 3*a**2 - 1. What is z(t)?
-1
Let w = 38 - 23. Let r be 88/20 + -4 - 21/w. Let s(z) = -17*z**3 - z**2 + 1. Give s(r).
17
Let q(c) be the first derivative of -c**2 - 5*c + 110. Calculate q(-6).
7
Let m be (-18)/14 - -1 - 37/(-7). Let d(p) = -5 + 3*p - 5*p**3 + 5*p**3 - m*p**2 + p**3. Determine d(4).
-9
Let s = 12 - 17. Let i(h) = -2*h + 0*h - 3 - 7*h - h**2 + 4*h. Give i(s).
-3
Let d(y) = y + 9. Let z(n) = 2*n + 48. Let k(a) = -6*d(a) + z(a). Let h(j) = -j**3 + 4*j**2 - 4. Let t be h(4). Give k(t).
10
Let m(s) = 49*s - 14*s - 42*s + 2. Calculate m(0).
2
Let x be (-8)/12 + (-16)/(-6). Let z(r) = r + 9. Let w(a) = 3*a + 17. Let c(u) = x*w(u) - 5*z(u). Let k be c(9). Let f(y) = -y**3 + 3*y + 1. What is f(k)?
3
Suppose -5*v + 45 = 5*t, -2*t - 3*v = -10 - 8. Let h(r) be the third derivative of 0*r - 7/6*r**3 + 1/8*r**4 + 0 + 1/60*r**5 - t*r**2. What is h(-5)?
3
Let q(g) be the first derivative of g**3/3 + 3*g**2/2 - 17*g + 260. Determine q(-6).
1
Let c(l) = -l**3 + 21*l**2 - 18*l - 32. Let m be c(20). Let w(z) = z - 13. Determine w(m).
-5
Let z(h) be the second derivative of -11*h**4/12 - h**3/6 + 197*h. Calculate z(1).
-12
Let k(t) = -6*t**2 + 1. Let v = 107 + -75. Suppose -9*y - 23 = -v. What is k(y)?
-5
Let i(t) be the first derivative of t**5/24 - t**4/8 - 11*t**3 - 23. Let x(y) be the third derivative of i(y). Calculate x(4).
17
Let i(n) = -n + 16. Let p be i(14). Suppose 0 = -2*s - a + 1, -1 - 1 = p*a. Let x be 30/(-5) + (s - 2). Let t(d) = d**2 + 6*d - 6. Give t(x).
1
Let t = -255 + 265. Let g(c) = -c**2 + 10*c - 10. Calculate g(t).
-10
Suppose 2*j = 16 - 56. Let r = j + 14. Let m(x) = x**3 + 7*x**2 + 5*x. Let p be m(r). Let b(n) = n**2 - 7*n. What is b(p)?
-6
Let o(d) = -d**3 + d**2 - 1. Let u(t) = t**3 - 42*t + 2*t**3 - t**3 - 4 + 45*t - 7*t**2. Let i(h) = 3*o(h) + u(h). Determine i(-5).
3
Let z(v) = -5*v**3 + 3*v**2 - 2*v + 16. Let f(o) = -3*o**3 + 6*o**2 - o + 16. Let p(j) = -3*f(j) + 2*z(j). What is p(-12)?
-4
Let b(o) = -o**2 + 13*o + 2. Let c be b(13). Suppose 3*r - r + 1 = z, 2 = -c*r. Let w be (30/(-25))/(z/(-5)). Let g(a) = a**2 + 5*a - 1. Calculate g(w).
5
Let j(h) = -h + 13. Let f(g) = g**3 - 5*g**2 + g + 2. Let d be f(5). Suppose 9 = 2*b - d. Determine j(b).
5
Suppose 0 = -35*f + 31*f + 200. Let w = f + -48. Let x(r) = -1 - 3*r + 2*r**2 + r**3 + 6*r + r**3 - 5*r**2. What is x(w)?
9
Let g(b) be the third derivative of 36*b**2 + 0 + 1/3*b**3 + 5/24*b**4 + 1/20*b**5 + 0*b. Suppose -9 = 4*x - x. Calculate g(x).
14
Let n = 0 + -4. Let q(b) = 13*b**2 - b - 49. Let c(z) = -7*z**2 + z + 27. Let a(i) = 11*c(i) + 6*q(i). Give a(n).
-1
Suppose -3*z - 2 = -z, -2*o + 2*z = -72. Let t = 35 - o. Let g(h) = h - 6. Give g(t).
-6
Let q(t) = -t**2 - 3*t + 14. Suppose -9*p = 643 - 697. Give q(p).
-40
Let s be 8/(-5) + 1 + (-72)/(-20). Let c(t) = t**3 + 169*t**2 - 4*t - 163*t**2 - s*t + 3. Calculate c(-7).
3
Suppose 0*b + 5*b = -25. Let y(u) = u**2 + 8*u - 6. Let d(f) = -f. Let m(c) = 6*d(c) + y(c). Give m(b).
9
Suppose -2*w + 3*n + 3 = 0, 6*w - 15 = 2*w + 3*n. Let f(l) = -2*l**2 + 11*l - 2. What is f(w)?
-8
Let d(f) = -9 + 18*f**2 - 39*f**2 - 9*f + 20*f**2. Let r(u) = 2*u + 1. Let p be r(-4). Give d(p).
5
Let o(g) be the third derivative of 1/4*g**4 - 7/6*g**3 - 15*g**2 + 0 + 0*g - 1/60*g**5. Determine o(6).
-7
Suppose 5*s - 3*h - 44 = 0, -h - 4*h = 3*s - 40. Suppose 2*g - s = -3*g. Let w(l) = -4 + g*l - 5 + 0 - 3*l. Give w(-6).
-3
Let c(x) = 3*x + 3*x + 121 - 127 - 4*x - 3*x. Give c(-12).
6
Let q